
List the prime factors of 650.
2, 5, 13
List the prime factors of 560.
2, 5, 7
What are the prime factors of 1583?
1583
List the prime factors of 5234.
2, 2617
List the prime factors of 1082.
2, 541
List the prime factors of 2223.
3, 13, 19
List the prime factors of 781.
11, 71
What are the prime factors of 1480?
2, 5, 37
List the prime factors of 547.
547
List the prime factors of 2305.
5, 461
List the prime factors of 1336.
2, 167
What are the prime factors of 5255?
5, 1051
What are the prime factors of 561?
3, 11, 17
List the prime factors of 20318.
2, 10159
What are the prime factors of 163074?
2, 3, 27179
List the prime factors of 3040.
2, 5, 19
What are the prime factors of 55326?
2, 3, 9221
List the prime factors of 18550.
2, 5, 7, 53
List the prime factors of 23977.
23977
List the prime factors of 4810.
2, 5, 13, 37
List the prime factors of 31922.
2, 11, 1451
What are the prime factors of 471?
3, 157
What are the prime factors of 70550?
2, 5, 17, 83
What are the prime factors of 25031?
25031
What are the prime factors of 1518?
2, 3, 11, 23
What are the prime factors of 4724?
2, 1181
What are the prime factors of 2457?
3, 7, 13
List the prime factors of 13947.
3, 4649
List the prime factors of 3421.
11, 311
List the prime factors of 777.
3, 7, 37
List the prime factors of 9238.
2, 31, 149
What are the prime factors of 4704?
2, 3, 7
What are the prime factors of 27?
3
List the prime factors of 69659.
41, 1699
What are the prime factors of 68080?
2, 5, 23, 37
What are the prime factors of 3131?
31, 101
What are the prime factors of 79777?
79777
What are the prime factors of 30119?
30119
List the prime factors of 6197.
6197
List the prime factors of 30683.
61, 503
What are the prime factors of 1656?
2, 3, 23
What are the prime factors of 1484?
2, 7, 53
What are the prime factors of 1807?
13, 139
What are the prime factors of 5285?
5, 7, 151
What are the prime factors of 19840?
2, 5, 31
List the prime factors of 39717.
3, 1471
What are the prime factors of 2360?
2, 5, 59
What are the prime factors of 85816?
2, 17, 631
List the prime factors of 733.
733
List the prime factors of 1958.
2, 11, 89
What are the prime factors of 7498?
2, 23, 163
List the prime factors of 10093.
10093
List the prime factors of 391.
17, 23
List the prime factors of 11511.
3, 1279
What are the prime factors of 7830?
2, 3, 5, 29
List the prime factors of 5850.
2, 3, 5, 13
What are the prime factors of 10397?
37, 281
What are the prime factors of 3755?
5, 751
List the prime factors of 154.
2, 7, 11
List the prime factors of 15667.
15667
What are the prime factors of 16704?
2, 3, 29
What are the prime factors of 681?
3, 227
List the prime factors of 184.
2, 23
What are the prime factors of 11196?
2, 3, 311
What are the prime factors of 121110?
2, 3, 5, 11, 367
What are the prime factors of 1022?
2, 7, 73
List the prime factors of 20113.
20113
What are the prime factors of 1350?
2, 3, 5
What are the prime factors of 146705?
5, 13, 37, 61
List the prime factors of 640.
2, 5
What are the prime factors of 76934?
2, 11, 13, 269
List the prime factors of 239.
239
List the prime factors of 25926.
2, 3, 29, 149
What are the prime factors of 77167?
77167
List the prime factors of 5289.
3, 41, 43
List the prime factors of 120186.
2, 3, 11, 607
What are the prime factors of 1620?
2, 3, 5
What are the prime factors of 28870?
2, 5, 2887
What are the prime factors of 3020?
2, 5, 151
What are the prime factors of 91?
7, 13
List the prime factors of 6278.
2, 43, 73
List the prime factors of 12878.
2, 47, 137
What are the prime factors of 913?
11, 83
What are the prime factors of 58346?
2, 29173
List the prime factors of 1781.
13, 137
List the prime factors of 19558.
2, 7, 11, 127
List the prime factors of 8327.
11, 757
List the prime factors of 525.
3, 5, 7
What are the prime factors of 523?
523
List the prime factors of 4436.
2, 1109
What are the prime factors of 2455?
5, 491
What are the prime factors of 226?
2, 113
List the prime factors of 7297.
7297
List the prime factors of 874.
2, 19, 23
List the prime factors of 43061.
17, 149
List the prime factors of 1291.
1291
List the prime factors of 9804.
2, 3, 19, 43
What are the prime factors of 1447?
1447
List the prime factors of 28156.
2, 7039
List the prime factors of 7192.
2, 29, 31
List the prime factors of 1636.
2, 409
List the prime factors of 9526.
2, 11, 433
List the prime factors of 8783.
8783
What are the prime factors of 19854?
2, 3, 1103
List the prime factors of 9058.
2, 7, 647
List the prime factors of 13996.
2, 3499
List the prime factors of 473.
11, 43
What are the prime factors of 14079?
3, 13, 19
List the prime factors of 3436.
2, 859
List the prime factors of 53334.
2, 3, 2963
What are the prime factors of 50395?
5, 10079
List the prime factors of 1444.
2, 19
List the prime factors of 53.
53
List the prime factors of 28993.
79, 367
List the prime factors of 15811.
97, 163
List the prime factors of 1664.
2, 13
What are the prime factors of 6970?
2, 5, 17, 41
List the prime factors of 3541.
3541
List the prime factors of 3794.
2, 7, 271
What are the prime factors of 131153?
11, 11923
List the prime factors of 2434.
2, 1217
List the prime factors of 4072.
2, 509
List the prime factors of 3399.
3, 11, 103
List the prime factors of 2497.
11, 227
List the prime factors of 25917.
3, 53, 163
What are the prime factors of 4938?
2, 3, 823
List the prime factors of 3244.
2, 811
What are the prime factors of 16819?
11, 139
List the prime factors of 693.
3, 7, 11
List the prime factors of 25010.
2, 5, 41, 61
List the prime factors of 37832.
2, 4729
What are the prime factors of 52360?
2, 5, 7, 11, 17
List the prime factors of 15630.
2, 3, 5, 521
What are the prime factors of 539?
7, 11
List the prime factors of 14410.
2, 5, 11, 131
List the prime factors of 1027.
13, 79
What are the prime factors of 2222?
2, 11, 101
What are the prime factors of 25255?
5, 5051
What are the prime factors of 16838?
2, 8419
What are the prime factors of 517?
11, 47
List the prime factors of 6354.
2, 3, 353
What are the prime factors of 7222?
2, 23, 157
List the prime factors of 4378.
2, 11, 199
List the prime factors of 586.
2, 293
List the prime factors of 372.
2, 3, 31
What are the prime factors of 2944?
2, 23
What are the prime factors of 1003?
17, 59
List the prime factors of 4933.
4933
List the prime factors of 49678.
2, 59, 421
What are the prime factors of 2080?
2, 5, 13
List the prime factors of 22236.
2, 3, 17, 109
What are the prime factors of 28501?
11, 2591
List the prime factors of 9572.
2, 2393
List the prime factors of 1419.
3, 11, 43
List the prime factors of 930.
2, 3, 5, 31
List the prime factors of 100.
2, 5
What are the prime factors of 18145?
5, 19, 191
What are the prime factors of 101093?
43, 2351
What are the prime factors of 3010?
2, 5, 7, 43
List the prime factors of 30443.
7, 4349
What are the prime factors of 918?
2, 3, 17
List the prime factors of 19807.
29, 683
List the prime factors of 20304.
2, 3, 47
What are the prime factors of 5702?
2, 2851
List the prime factors of 242.
2, 11
What are the prime factors of 11561?
11, 1051
List the prime factors of 57721.
197, 293
List the prime factors of 8491.
7, 1213
What are the prime factors of 5514?
2, 3, 919
List the prime factors of 4261.
4261
List the prime factors of 968.
2, 11
List the prime factors of 975.
3, 5, 13
What are the prime factors of 1589?
7, 227
List the prime factors of 730.
2, 5, 73
What are the prime factors of 1912?
2, 239
What are the prime factors of 1503?
3, 167
List the prime factors of 1430.
2, 5, 11, 13
List the prime factors of 9709.
7, 19, 73
List the prime factors of 2179.
2179
What are the prime factors of 47697?
3, 13, 1223
List the prime factors of 812.
2, 7, 29
List the prime factors of 834.
2, 3, 139
List the prime factors of 35482.
2, 113, 157
What are the prime factors of 1877?
1877
List the prime factors of 5489.
11, 499
List the prime factors of 10333.
10333
What are the prime factors of 1474?
2, 11, 67
What are the prime factors of 2381?
2381
What are the prime factors of 13092?
2, 3, 1091
What are the prime factors of 16077?
3, 23, 233
What are the prime factors of 42604?
2, 10651
What are the prime factors of 88737?
3, 11, 26